 a factor of 228480?
True
Does 88 divide 440880?
True
Is 58 a factor of 1882158?
True
Does 182 divide 7462?
True
Is 136 a factor of 43926?
False
Is 62 a factor of 682903?
False
Does 220 divide 1165703?
False
Is 17 a factor of 1828979?
True
Does 12 divide 21897776?
False
Is 947117 a multiple of 11?
False
Is 3 a factor of 75602?
False
Is 3739314 a multiple of 194?
False
Does 110 divide 5830?
True
Is 30 a factor of 56903?
False
Does 7 divide 103349?
False
Is 5 a factor of 224545?
True
Is 52 a factor of 1745177?
False
Is 135117 a multiple of 85?
False
Is 31556 a multiple of 17?
False
Does 922 divide 20106?
False
Does 568 divide 8644241?
False
Is 63017 a multiple of 41?
True
Does 50 divide 1548000?
True
Is 67 a factor of 98203?
False
Does 534 divide 169278?
True
Does 51 divide 76718?
False
Is 30 a factor of 1797017?
False
Is 567259 a multiple of 5?
False
Is 230 a factor of 306520?
False
Is 20 a factor of 214000?
True
Does 131 divide 1273359?
False
Does 104 divide 1031372?
False
Is 213 a factor of 349959?
True
Does 17 divide 578085?
True
Is 5650 a multiple of 5?
True
Is 375287 a multiple of 108?
False
Does 12 divide 567203?
False
Is 42096 a multiple of 4?
True
Is 138212 a multiple of 61?
False
Does 96 divide 248973?
False
Is 19086 even?
True
Is 43 a factor of 1277616?
True
Is 2547638 a multiple of 19?
False
Is 12 a factor of 112140?
True
Does 36 divide 23810040?
True
Is 23 a factor of 91850?
False
Is 75461 even?
False
Is 586831 a multiple of 75?
False
Does 12 divide 150040?
False
Is 8542548 a multiple of 622?
True
Is 519002 a multiple of 14?
False
Is 2929043 even?
False
Is 710 a factor of 14028890?
True
Does 37 divide 129118?
False
Is 23 a factor of 453545?
False
Is 7 a factor of 100180?
False
Is 21 a factor of 108964?
False
Is 1284399 a multiple of 37?
False
Does 24 divide 188746?
False
Does 524 divide 1226236?
False
Is 123936 a multiple of 24?
True
Does 22 divide 11351956?
True
Is 700375 a multiple of 431?
True
Does 9 divide 161829?
True
Is 3169538 a multiple of 219?
False
Is 323 a factor of 7739033?
False
Is 109670 a multiple of 647?
False
Is 61034 a multiple of 11?
False
Is 39260 a multiple of 13?
True
Is 13 a factor of 256854?
True
Is 6 a factor of 142119?
False
Is 1267461 a multiple of 4?
False
Does 168 divide 78329?
False
Is 285731 a multiple of 390?
False
Is 725 a factor of 5045275?
True
Is 111 a factor of 1322454?
True
Is 751680 a multiple of 320?
True
Does 155 divide 530720?
True
Is 2167312 a multiple of 56?
True
Is 50 a factor of 3280800?
True
Does 16 divide 175696?
True
Does 58 divide 52746?
False
Is 176200 a multiple of 8?
True
Is 120825 a multiple of 225?
True
Does 39 divide 323973?
True
Is 663543 a multiple of 213?
False
Does 12 divide 993348?
True
Is 9 a factor of 612342?
True
Is 43512 a multiple of 12?
True
Is 137547 a multiple of 51?
True
Is 956601 a multiple of 1413?
True
Is 463 a factor of 3405232?
False
Is 3 a factor of 100281?
True
Does 479 divide 1908815?
True
Does 19 divide 1054329?
True
Does 32 divide 340416?
True
Does 36 divide 926778?
False
Is 135 a factor of 445095?
True
Is 254 a multiple of 57?
False
Is 19 a factor of 21109?
True
Is 241695 a multiple of 29?
False
Is 2037208 a multiple of 168?
False
Is 11360610 a multiple of 45?
True
Is 106 a factor of 6453068?
True
Is 311 a factor of 636062?
False
Is 554 a factor of 55954?
True
Is 22356 a multiple of 324?
True
Is 284943 a multiple of 26?
False
Is 678304 a multiple of 8?
True
Is 15 a factor of 2304855?
True
Does 77 divide 1295295?
False
Is 67 a factor of 141519?
False
Is 528488 a multiple of 42?
False
Does 33 divide 3872231?
False
Does 61 divide 101416?
False
Is 332064 a multiple of 72?
True
Is 10 a factor of 19970?
True
Is 12 a factor of 312037?
False
Is 567 a factor of 2402946?
True
Does 3 divide 3430275?
True
Does 41 divide 167855?
False
Is 13038165 a multiple of 49?
True
Does 57 divide 286767?
True
Does 53 divide 183645?
True
Does 324 divide 6937144?
False
Is 1152030 a multiple of 33?
True
Does 491 divide 10557482?
True
Is 283760 a multiple of 250?
False
Is 20 a factor of 417690?
False
Is 16 a factor of 165376?
True
Does 123 divide 2255585?
False
Is 156 a factor of 10928608?
False
Does 301 divide 6723437?
True
Does 32 divide 28652947?
False
Is 324 a factor of 794448?
True
Is 877960 a multiple of 45?
False
Is 620162 a multiple of 8?
False
Is 36 a factor of 626512?
False
Is 65847 a multiple of 55?
False
Is 177132 a multiple of 348?
True
Does 23 divide 2449039?
False
Is 433 a factor of 4127789?
True
Does 281 divide 3422299?
True
Does 34 divide 143673?
False
Does 452 divide 151011?
False
Does 9 divide 111033?
True
Is 12 a factor of 139212?
True
Does 44 divide 88382?
False
Is 286 a factor of 2351030?
False
Does 6 divide 137600?
False
Is 992 a factor of 11032032?
True
Is 111779 even?
False
Does 513 divide 527086?
False
Does 255 divide 327463?
False
Is 44 a factor of 491850?
False
Is 286 a factor of 1309428?
False
Is 2147649 a multiple of 581?
False
Does 9 divide 1277609?
False
Is 4272 a multiple of 4?
True
Is 854896 a multiple of 28?
True
Is 502788 a multiple of 82?
False
Is 10 a factor of 1597952?
False
Is 4 a factor of 970695?
False
Is 850284 a multiple of 9?
True
Is 415037 a multiple of 5?
False
Does 145 divide 414990?
True
Is 7 a factor of 45912?
False
Is 24 a factor of 101568?
True
Is 9 a factor of 48947?
False
Does 71 divide 7268702?
False
Does 95 divide 227335?
True
Does 361 divide 124184?
True
Is 700200 a multiple of 100?
True
Is 110 a factor of 388341?
False
Does 37 divide 156950?
False
Is 490 a multiple of 22?
False
Is 732270 a multiple of 951?
True
Is 234 a factor of 1178201?
False
Is 29 a factor of 1408120?
False
Is 10899840 a multiple of 224?
True
Is 8 a factor of 1504?
True
Is 104 a factor of 45864?
True
Is 24 a factor of 455808?
True
Is 1191014 a multiple of 868?
False
Is 37 a factor of 10407656?
True
Is 69381 a multiple of 5?
False
Does 8 divide 77696?
True
Is 4242 even?
True
Is 929 a factor of 728336?
True
Is 32 a factor of 1190469?
False
Does 67 divide 300428?
True
Is 83288 a multiple of 116?
True
Is 1083 a factor of 8856774?
True
Is 94104 a multiple of 18?
True
Is 52463 even?
False
Does 5 divide 258733?
False
Is 34 a factor of 144590?
False
Is 86 a factor of 59763?
False
Does 18 divide 11149750?
False
Is 995023 a multiple of 14?
False
Is 712940 a multiple of 43?
True
Does 52 divide 113619?
False
Is 9 a factor of 63951?
False
Is 10344198 a multiple of 68?
False
Does 3 divide 933967?
False
Does 12 divide 34368?
True
Is 25 a factor of 875?
True
Does 16 divide 445478?
False
Is 1423098 a multiple of 1038?
True
Does 53 divide 67257?
True
Does 27 divide 21424203?
True
Does 37 divide 3377911?
False
Is 696685 a multiple of 265?
True
Does 25 divide 3543806?
False
Is 349 a factor of 2816497?
False
Does 27 divide 3028644?
True
Is 65 a factor of 15989415?
True
Is 86 a factor of 18060?
True
Is 119790 a multiple of 165?
True
Does 15 divide 712836?
False
Does 55 divide 99000?
True
Is 18 a factor of 198558?
True
Does 18 divide 1377977?
False
Is 652701 a multiple of 508?
False
Is 86049 a multiple of 307?
False
Is 59727 a multiple of 43?
True
Is 2483228 a multiple of 11?
True
Is 143274 a multiple of 6?
True
Is 2125267 a multiple of 15?
False
Does 46 divide 111044?
True
Is 12 a factor of 16456344?
True
Does 26 divide 240909?
False
Is 280 a factor of 445480?
True
Is 259 a factor of 1448069?
True
Is 15 a factor of 25653468?
False
Is 912704 a multiple of 16?
True
Is 11 a factor of 98188?
False
Is 445444 a multiple of 4?
True
Is 830 a factor of 1323850?
True
Is 47 a factor of 1886831?
False
Is 17964229 a multiple of 67?
False
Is 58 a factor of 1606764?
False
Is 1258401 a multiple of 766?
False
Is 299 a factor of 7706127?
True
Is 248981 a multiple of 31?
False
Is 348145 a multiple of 35?
True
Does 63 divide 64638?
True
Is 715762 a multiple of 28?
False
Does 23 divide 11929602?
False
Is 6 a factor of 18240?
True
Does 6 divide 38786?
False
Is 98 a factor of 324769?
False
Is 16961714 a multiple of 581?
True
Does 581 divide 7167259?
False
Is 8443900 a multiple of 10?
True
Is 33482 a multiple of 5?
False
Is 7517048 a multiple of 11?
True
Does 172 divide 5892405?
False
Is 80927 a multiple of 188?
False
Is 143 a factor of 616545?
False
Is 126691 a multiple of 28?
False
Is 49164 a m